438 + 4117. What is the hundreds digit of p?
6
Let d = 2326 + -1476. What is the hundreds digit of d?
8
Let r = 2 + 1. Suppose -5*p - 3*h = -h - 608, -p = -5*h - 100. Suppose 0 = 2*c + r*c - p. What is the tens digit of c?
2
Let y be (2 - (-3 + 2)) + -5. Let m be ((-248)/(-10))/(y/(-10)). What is the tens digit of m/(-2)*4/(-8)?
3
What is the tens digit of -2 + -1 + (10 + 2260 - 10)?
5
Suppose 0 = 3*h + x - 29, 3*h - 2*x - 56 + 15 = 0. Let c be h/5 + 5/(-25). Suppose 0 = 4*j - 0*j + 4*s - 144, c*s = -j + 36. What is the units digit of j?
6
Let d = -42 - -55. Suppose 119 = 3*r - d. What is the tens digit of r?
4
Let a(u) = -4*u**3 - u**2. Let c be a(-1). What is the units digit of 6 + -4 - (c - 2)?
1
Suppose -4*r - 174 = -j + 68, j + r - 217 = 0. What is the hundreds digit of j?
2
Let y(a) = 329*a + 70. What is the units digit of y(10)?
0
What is the tens digit of (-76)/19 - (-140 - 1)?
3
Let l = 42 - 37. Suppose t + 636 = l*t. What is the units digit of t?
9
Let f(h) = h**2 - 2*h + 61. Let w be (3/(-12)*0)/1. Let a be f(w). Let j = a - 32. What is the units digit of j?
9
What is the hundreds digit of -2 + 316 + -1*15/(-5)?
3
Let g(m) be the second derivative of -7*m**3/6 + 11*m**2/2 - 11*m. What is the tens digit of g(-12)?
9
Let d = 7 - -16. Let q = 10 + d. What is the units digit of q?
3
Let d(m) = 2*m**2 - 21*m + 41. What is the hundreds digit of d(22)?
5
Suppose -2*h = -3*h + 280. Suppose -4*w = r + 99 - h, 3*r + 55 = w. What is the tens digit of w?
4
Let b be 5 + -6 - -1*3. Let g(t) = -2*t + b - 3 + 7*t - 3. What is the units digit of g(4)?
6
Suppose 5*s - 1 = 2*p, 2*s + 8 = p - 3*p. Let i be 7*10 - s/1. Let d = i - 45. What is the tens digit of d?
2
Suppose 4*i + 0*i - 64 = 0. Suppose 0 = -3*p - p + 4*b + i, 0 = 3*p + 4*b + 2. What is the units digit of 5 + -2 + (1 - p)?
2
Suppose -m - 147*w + 4070 = -145*w, 5*m - 4*w = 20364. What is the thousands digit of m?
4
Let a(g) = -g**3 - 6*g**2 - 1. Let t be a(-7). Let s = 45 + t. Suppose 0 = 4*j + 2*y - 90, -s = -j - 3*j + y. What is the tens digit of j?
2
Let j be 466/10 + 24/10 + -2. Let a = 57 - j. What is the tens digit of a?
1
Suppose -167 + 1063 = 16*b. Suppose 5*p - 3 = 37. Suppose b - p = f. What is the tens digit of f?
4
Suppose 0 = -3*r - 3*o + 351, 2*o = -0*r - 5*r + 588. Suppose -t + 53 = -s, -2*t - 4*s = -9*s - r. What is the units digit of t?
9
Suppose -3*y + 2959 = g, -11*y + 4950 = -6*y - 2*g. What is the units digit of y?
8
Let t = 67 - 50. What is the tens digit of 1*-2 - (-1836)/t?
0
Suppose u = 3*b + 12, -4*u - 5*b + 26 + 5 = 0. Suppose -2*w + 1 = -u. Suppose 0 = -3*d + t + 21, 0 = w*d + 2*t + t - 35. What is the units digit of d?
7
Suppose -3 = 6*h - 9*h. Let f be -7 - 140 - (0 + h). What is the units digit of (f/(-8))/((-2)/(-4))?
7
Let l = -4 + 120. Suppose -l = -s - s. What is the units digit of s?
8
Let r = 34 - 36. Let x(z) = 20*z**2 - z - 2. What is the tens digit of x(r)?
8
Suppose -4*j - 2*r = -0*r - 20, 2*r + 22 = 2*j. Suppose 2*h = j*h - 420. What is the tens digit of h?
8
Suppose 3*s + 2957 = h - 1606, 0 = 4*h - 3*s - 18252. What is the tens digit of h?
6
Suppose 5*n - 23 - 12 = 0. Let r(b) be the second derivative of b**3/2 + 4*b**2 + b - 9. What is the units digit of r(n)?
9
What is the tens digit of -16*(-92)/(-24)*(12 - 15)?
8
Let k be (2 - (4 - -2)) + -1. Let n(r) = r**2 - 3*r - 7. What is the units digit of n(k)?
3
Suppose 0 = -6*i - 146 + 548. Suppose i + 55 = 2*b. What is the units digit of b?
1
Suppose -2*l + 3*t = -l - 15, 5*t = l - 23. Suppose -4*r - 4*b + 92 = 0, -3*b = -l*r - 4*b + 69. What is the units digit of r?
3
Let h(d) = d**3 - 37*d**2 - 18*d + 13. What is the units digit of h(40)?
3
Suppose 3*s - 2*s - 64 = o, -204 = 3*o + 3*s. Let c = -44 - o. What is the units digit of c?
2
Let r be 6/10*(4 + 1) + -3. Suppose -4*b = -r*b - 1128. What is the hundreds digit of b?
2
Let q(u) be the third derivative of 1/8*u**4 + 0*u + 0 + u**3 + 3*u**2. What is the units digit of q(6)?
4
Suppose 0*j - 4 = -4*h - 4*j, -2*h + 2*j = -10. Suppose 0 = h*t - u - 43, 0*t = t - 4*u - 18. What is the units digit of t?
4
Suppose -10*m + 11*m = 1515. What is the thousands digit of m?
1
Let r be ((-10)/(1 - 2))/(18/9). Suppose 3*m - r*m = -38. What is the units digit of m?
9
Suppose -2209 = -5*p - 2*k, -1775 = -4*p + 15*k - 14*k. What is the units digit of p?
3
Let i(n) = -n**2 + 3*n - 2. Let y be i(5). Let x be -2*(34/12 + 10/(-30)). What is the units digit of y/(-20) - 87/x?
8
Let o(v) = -12*v + 37. Let h(y) = -3*y + 9. Let s(f) = -9*h(f) + 2*o(f). Let i be s(4). Suppose -i*r + 3*r + 10 = 0. What is the units digit of r?
5
Suppose -4*s + 16 = 4*k, 0 = 4*s + k - 2*k - 21. Suppose 702 = s*r - 323. What is the tens digit of r?
0
Let k be (-32)/(-6) + 2/3. Let h = k + -3. What is the units digit of h?
3
Let q(h) = -2 + 0*h**2 + 0*h**2 + 8*h**2 + 2*h. Suppose -4*t = -5*t - 2. What is the units digit of q(t)?
6
Suppose 0 = 4*u - 3*r - 483 - 299, -589 = -3*u + r. What is the hundreds digit of u?
1
Let u(r) = 2*r**2 - 5*r + 6. Let v be 2/11 - (-430)/55. What is the units digit of u(v)?
4
Let k be 122/8 - 12/(-16). Suppose -5*i + i + k = 0. Suppose 4*q - 3*z + 64 - 280 = 0, 3*q - i*z - 162 = 0. What is the tens digit of q?
5
Let n = -9363 + 14024. What is the units digit of n?
1
Let z(u) be the second derivative of u**4/12 - 5*u**3/6 + 3*u**2/2 + 2*u. Let w be z(5). Suppose w = m - 26. What is the tens digit of m?
2
Suppose -2*a + 6*a - 28 = 0. Let s(d) = 11*d + 19. What is the units digit of s(a)?
6
Let a be (-1 + 1)/(4 + -7 + 4). Suppose -90 = -2*w - t, w + a = -5*t + 63. What is the tens digit of w?
4
Let s(m) = -m**3 - 21*m**2 - 20*m + 10. Let n be s(-20). Let q be (20/n)/((-1)/4). What is the tens digit of ((-3)/5)/(q/520)?
3
Suppose -v - 3*d + 1 = -2*d, 4*v = -5*d. Suppose -v*z = -2*t - 304, -4*z + 95 = -3*t - 151. What is the units digit of z?
0
Suppose -3*t + 10 = 1. Suppose -5*v + t*f = -242, -v - 143 = -4*v + 4*f. What is the tens digit of v?
4
Let y = 7 + -5. Suppose 8 = y*n - n. Let q = n + 23. What is the units digit of q?
1
What is the units digit of (-10 + (23 - -16))/((-2)/(-190))?
5
What is the hundreds digit of 454 + (-123)/(-39) + 20/(-130)?
4
Suppose 13*h = 56 - 4. Suppose 92 - 702 = -2*z. Suppose 5*r = -h*p + 271, -4*p + 5*r + z = p. What is the tens digit of p?
6
Suppose -13*d - 200 = -1071. Suppose -d = o - 245. What is the units digit of o?
8
Let y(q) = -3*q + 35. Let r be y(13). What is the tens digit of (-1 + 23)*(r - -8)?
8
Suppose 0 = -a - q + 235, -3*q - 381 = -3*a + 324. Suppose 4*k + 3*s = 2*s + a, 2*s - 230 = -4*k. What is the tens digit of k?
6
Suppose -6*g = -0*g - 954. Suppose g*h = 162*h - 81. What is the units digit of h?
7
Let i = -5901 - -9506. What is the hundreds digit of i?
6
Let r = 14 + -9. Suppose -4*g + 216 = 4*l, -r*l - 154 = -3*g - 0*l. What is the tens digit of g?
5
Let w(x) = -x**2 + x + 58. Let v be w(0). Let m = v - 37. What is the units digit of m?
1
Let k = -1069 + 1715. What is the tens digit of k?
4
Let h(b) = -b**3 - 5*b**2 - 7*b - 10. Let q = -118 - -110. What is the hundreds digit of h(q)?
2
Suppose 12 + 15 = 3*f. Suppose -f*g + 92 = -1564. What is the hundreds digit of g?
1
Let f be 2 - (3 + -2) - -56. Suppose o + 77 = 5*g + 4*o, f = 5*g - 2*o. What is the units digit of g?
3
Suppose -57*s - 2280 = -76*s. What is the units digit of s?
0
What is the hundreds digit of (15 + -17)/((-3 - -5)/(-756))?
7
Let p = 914 - 535. What is the units digit of p?
9
Let f(z) = 6*z - 4. Let n be f(4). Suppose 0 = -q + 2*x + 105 + n, -4*q + 4*x = -480. What is the units digit of q?
5
What is the tens digit of -3*10*-1*(-2044)/(-21)?
2
Suppose 0 = -69*u + 61413 + 16833. What is the thousands digit of u?
1
Let s(a) = -3*a**2 - 103*a + 12. What is the units digit of s(-10)?
2
Let n(s) = -6*s + 29. What is the units digit of n(4)?
5
Let i(u) = -2*u + 4. Suppose -o + 11 + 6 = -k, -2*k + 5*o - 31 = 0. What is the tens digit of i(k)?
4
Let a be (-3)/((-2)/((-8)/6)). Let t(u) = -u - 35. Let h be t(-34). What is the units digit of a - (2 + -5) - h?
2
Suppose -2*n - 1 - 2 = g, -48 = 4*g - 4*n. Let w(a) = a**2 - a - 8. Let h be w(5). Let b = h + g. What is the units digit of b?
3
Suppose 9*v - 15 = 4*v. Suppose -4*c - 22 = -4*s + c, -4*c + 1 = 